 s be ((-36)/(-10) - -2)/(4/120). What is the highest common factor of 132 and s?
12
Let c(i) = 14*i**2 - 123*i + 1505. Let d be c(11). What is the greatest common divisor of d and 91?
13
Suppose 0 = -2*y - 10*r + 15*r + 181, 3*y - 219 = -3*r. Suppose 4*b - 5*l = -0*b + 223, 144 = 3*b + 4*l. Calculate the greatest common divisor of b and y.
26
Let j be (-72)/(-24) - (-103*1 + 0). Suppose -10*o + j = 26. What is the greatest common divisor of 216 and o?
8
Suppose 6*g - 2*g = 4*u - 7960, -3*g - 7963 = -4*u. Suppose u = 5*m - 482. What is the highest common factor of 45 and m?
45
Suppose -11*z + 3 = -173. Suppose -4*g = -z, x - 75 - 2 = g. Calculate the greatest common factor of 1539 and x.
81
Let k(f) = 6*f + 117. Let g(t) = -3*t - 59. Let b(m) = -7*g(m) - 4*k(m). Let s be b(-24). What is the greatest common divisor of s and 34?
17
Let l be ((-10)/(-2))/(3 + -2). Let s be 244*(411/348 + 20/290). Calculate the greatest common divisor of s and l.
5
Suppose 58*y - 63*y + 10 = 0. Suppose s - 6 = -y. Suppose s = 5*c - 111. What is the highest common factor of 92 and c?
23
Let u = 19 - 26. Let j be ((-320)/56)/(1/u). What is the greatest common factor of j and 10?
10
Suppose -54*o + 51*o - 48144 = -27*o. Calculate the greatest common factor of 289 and o.
17
Let x = 171 - 61. Suppose -124 = -5*r - 3*p, 0 = -4*r + 6*p - 3*p + x. Suppose 0 = 4*o, 4*o - 2 = 2*u - r. What is the greatest common factor of u and 24?
12
Let u(s) = -12*s - 8. Let x be u(-5). Let t be -5 - 0/(-12 + 6) - -31. Calculate the greatest common factor of x and t.
26
Suppose 14*x - 3143 + 2855 = -2*x. What is the greatest common factor of x and 6498?
18
Let j(a) = -a**3 + 9*a**2 + 8*a - 21. Suppose 3 = 2*h + 5*v, 0 = -2*h + 6*v - 3*v + 11. Let c be j(h). What is the highest common divisor of 26 and c?
13
Suppose 5*u + 14986 = 199*t - 196*t, 0 = t + 3*u - 4986. What is the highest common factor of t and 39?
39
Suppose 4318*f = 4190*f + 243712. What is the greatest common divisor of 5168 and f?
272
Suppose 3*s - 7*k + 6*k - 80 = 0, 8 = -4*k. Let c(q) = -6*q**3 - 7*q**2 - 7*q + 1. Let v be c(-5). Calculate the greatest common factor of v and s.
13
Let y(s) = 2*s**3 - 9*s**2 - s. Let h(m) = -5*m**3 - 3*m**2 - 3*m. Let i be h(-1). Let p be y(i). What is the greatest common factor of p and 36?
4
Let x be (-1871)/(-6) + (-60)/72. Suppose 17*g + 56 = x. Calculate the highest common factor of 65 and g.
5
Let g = 492 - 491. Let k be ((-12)/(-42))/(g/112). What is the highest common factor of 44 and k?
4
Let o(r) = 12*r - 65. Let p be o(7). Suppose -2*m + 5*c = p + 19, c + 68 = -5*m. Let a = 56 + m. Calculate the greatest common factor of 14 and a.
14
Suppose -6*h = -7*h + 87. Let t = -55 + h. Let c be t/14 + 6/(-21). Calculate the greatest common factor of 22 and c.
2
Let r = 384 - 220. Let w = -120 + r. What is the greatest common factor of w and 308?
44
Suppose 0 = 5*g - 4*m - m + 2195, 5*g + 2159 = -4*m. Let r be g + (0*(-3)/(-6) - -3). Let t = -234 - r. Calculate the greatest common factor of 18 and t.
18
Let d be ((-15)/25 - -3)*(-20)/(-8) - 5. Calculate the greatest common divisor of d and 151.
1
Suppose 0 = -116*d + 48*d + 337484. Calculate the highest common factor of d and 35.
7
Let y(a) = a**3 + a + 5*a**2 + a**2 - 2 - 6 + 0*a. Let p be y(-6). Let c be 2/4 + (-2723)/p. What is the highest common factor of c and 15?
15
Suppose 8*l + 154 = -70. Let c = l - -41. Let d(w) = -w**2 + 18*w - 2. Let h be d(c). Calculate the greatest common divisor of 7 and h.
7
Let q be 27 - (-14)/(-98)*-7. Calculate the greatest common factor of 126 and q.
14
Let l(a) be the second derivative of 11*a**4/12 + 10*a**3/3 - 9*a**2 - 201*a. Let b be l(4). What is the greatest common factor of 14 and b?
14
Suppose 78*z = 52823 + 78217. Calculate the highest common divisor of 400 and z.
80
Let m(u) = 300*u**2 + 7*u - 8. Let r be m(-1). Calculate the greatest common divisor of 741 and r.
57
Let u = 30 - -234. Let r be (-18)/(-2)*(-187)/(-51). Calculate the highest common divisor of r and u.
33
Let v = -1927 - -2283. What is the greatest common factor of v and 20?
4
Let k = 4875 - 2939. Suppose 59*i + k = 70*i. Calculate the highest common divisor of i and 44.
44
Suppose 2*v - 14 = 2*c, 4*v + c + 4 = 37. Suppose 36*q + 1176 = 85*q. What is the greatest common factor of v and q?
8
Let k(j) = j**2 - j + 2. Let s(x) = -x + 1. Let r(t) = k(t) + 5*s(t). Let a be r(6). Let i = 772 + -737. What is the highest common divisor of a and i?
7
Let a = 33 - 9. Let t = 240 - 235. Suppose t*b + 6 = 21. Calculate the greatest common factor of a and b.
3
Let q be ((-10)/4*444/3885)/(1/(-343)). What is the highest common divisor of 686 and q?
98
Let l = -5175 + 6035. What is the greatest common factor of 120 and l?
20
Suppose 70 = 5*v + 5*r, -9*r - 3 = -12*r. Suppose -5*a + 516 = 4*t, v*a + 3*t + 288 = 16*a. What is the greatest common divisor of 40 and a?
20
Let k(i) be the second derivative of i**4/6 + 3*i**3/2 - 11*i**2/2 - 2*i + 1. Let t be k(-7). Calculate the highest common divisor of t and 8.
8
Suppose 560*h = 534*h + 2184. Calculate the highest common factor of h and 126.
42
Let w(k) = -k**3 + 6*k + 252. Suppose -n - 4*z - 12 = 0, -2*z + z - 3 = 3*n. Let f be w(n). What is the highest common factor of f and 72?
36
Let u be ((-1)/1)/(4/48). Let g be -2 - u - (-4)/(-2). What is the highest common divisor of g and 1?
1
Suppose 9*y + 2*y - 9688 - 1103 = 0. Calculate the greatest common factor of y and 27.
9
Let v(s) = 33*s + 128. Let w be v(-4). Let o be (w + 10)*17*1/2. Calculate the greatest common factor of o and 85.
17
Let x = 689 - 677. Suppose -2*u + 18 = 3*a, -a - 3 = -1. What is the greatest common divisor of u and x?
12
Suppose 9 = 9*f - 18. Suppose -f*v + 1108 = 481. Calculate the highest common factor of v and 55.
11
Let l(u) = -31*u + 281. Let h be l(9). What is the highest common divisor of h and 111?
1
Let x be (-1)/(-1 + 9/12). Suppose -106 = x*t + 294. Let k = -56 - t. What is the highest common factor of k and 66?
22
Let h(j) = -15*j - 2 + 0 - 3 - 5. Let o be h(-4). What is the greatest common divisor of 30 and o?
10
Let b be (-6 + 11/(264/114))/(5/(-2140)). Calculate the greatest common divisor of b and 5.
5
Let k be 1*3/21 + -2 + (-24453)/(-133). What is the greatest common factor of 13650 and k?
182
Let g(m) = -98*m + 1068. Let n be g(8). What is the highest common divisor of 28 and n?
4
Let f = 32 - 34. Let c be (1/(-1) + 0 + 1)/f. Let p be (c + 5)/((-105)/(-20) + -5). Calculate the greatest common divisor of p and 220.
20
Suppose 2*p = -3 + 23. Let m(g) = -g**3 + 116*g**2 - 339*g + 320. Let u be m(113). What is the greatest common divisor of u and p?
10
Suppose -648 - 657 = -3*r. Suppose 4*j - 4*g = 240, -2*g - 3*g - 60 = -j. Suppose j = 5*d - r. Calculate the highest common divisor of 9 and d.
9
Suppose -13*z + 1999 = g, 4*g + 107 = -2*z + 453. Suppose -1 = w + 15. Let o = w - -33. What is the highest common divisor of z and o?
17
Suppose -5*y = 5*g - 248 - 97, 6 = -g. What is the highest common factor of 3100 and y?
25
Let k = -275 + 500. Let b be 5345*5/k - (-2)/9. Calculate the highest common factor of b and 34.
17
Let m(g) = -g + 78. Let r be m(0). Let d = -11 - -6. Let f(a) = -a**3 + a**2 + 7*a + 2. Let k be f(d). Calculate the greatest common factor of r and k.
39
Let d(s) = -25*s - 167. Let f be d(-7). Calculate the greatest common divisor of 3280 and f.
8
Suppose -5*x = 30 - 80. Let i = 1066 + -843. Suppose 15*t - i = 227. What is the greatest common divisor of t and x?
10
Let y be 5/6*(25 + -15) - (-1)/(-3). Let h = 293 - 37. What is the highest common divisor of h and y?
8
Suppose 3*q = -5*k + 7374, 3*k - 2187 = -2*q + 2727. What is the greatest common factor of 360 and q?
72
Let k be ((-4)/(120/(-45)))/(3/4). What is the greatest common factor of 19 and k?
1
Let k(b) = -27*b + 1. Let y be k(-1). Suppose -1241 - 5995 = -27*r. Let d = r + -247. Calculate the greatest common factor of y and d.
7
Suppose 0 = -3*k - w + 402, -6*w = -2*w - 12. What is the highest common factor of 259 and k?
7
Suppose 830 = 9*h - 385. Suppose 6*i = 525 + h. What is the greatest common divisor of i and 10?
10
Suppose 0 = 4*l - 4, -j = 2*l - 48 - 28. Let z(g) = -4145*g - 11843. Let m be z(-3). Calculate the greatest com